 (-22 - -10)).
27
What is 3 + (-19 - 6) + -5 + 2 + 1?
-24
(-1 - -5) + 139 + -145
-2
Calculate 9 - (223 + -231 + -2 + (34 - 2)).
-13
What is the value of 4 - 24 - (8 + -2)?
-26
Evaluate (-8 - ((-10 - 0) + (-2 - -8))) + 9.
5
Calculate -30 + 12 + (29 - 19).
-8
What is the value of 2 + -6 - 11 - (-21 + 17)?
-11
Calculate -12 + 55 + -14 + -16.
13
13 + -6 - -11 - (4 + 4)
10
What is the value of (-11 - ((14 - 0) + -15)) + -5?
-15
Evaluate 8 - ((-182 - -171) + (8 - 0)).
11
What is the value of (9 + -2 - -1) + (-2 - (-1 + -1))?
8
1 + -13 + (-5 - (9 - (-11 + 31)))
-6
What is 70 + -17 + (-19 - 14)?
20
What is 13 - (1 + 2 - -13) - -36?
33
What is the value of (-29 + 10 - -17) + 9?
7
(-6 - -7 - 4) + 6 + (0 - 2)
1
(-2 - 29) + 1 - ((-81 - -18) + 58)
-25
Evaluate (15 - (-14 - (-53 - -12))) + 0.
-12
Evaluate (2 - 2) + (3 - 6) + 0.
-3
19 + (47 - (5 + 32))
29
Calculate (3 - 0 - 0) + (9 - 13) - -14.
13
Evaluate -138 - -127 - (1 - 29).
17
Calculate 4 + -8 + 17 + (3 - 8).
8
What is the value of -3 - (5 + 16 + -6 + -22)?
4
What is the value of 4 - (79 + -81) - (-9 + 0 + 0)?
15
What is 47 + -58 + -16 - 6?
-33
-2259 + 2259 + (-1 + 0 - 0)
-1
Evaluate -82 - (-52 + -16) - (-15 + 0).
1
What is -407 + 392 + 1 + -1 + 1?
-14
What is the value of (8 + -5 - (8 - 1)) + (-21 - -23)?
-2
Evaluate 12 - (60 + -18 + -18 + -7).
-5
Calculate -71 + 57 + (2 - -2) + -2.
-12
Calculate 6 + -19 + 27 + -13.
1
What is the value of 6 + (6 + (6 - -1 - 12) - -2)?
9
Calculate 10 + (100 - 90) + (-10 - (-1 - -2)).
9
What is the value of -18 - (-5 - 23) - 22?
-12
(-68 - -54) + (21 - 1)
6
Calculate 50 + -42 + -5 + -3 + 3 + -23.
-20
44 + (-3 - 14 - (-26 - -17))
36
What is the value of -45 + 15 + 16 - (-9 - -4)?
-9
Calculate 28 + -32 + (4 - (4 - 2)) + 4.
2
(-14 - -11) + 8 - (1 - (0 - 2))
2
What is (-16 + 16 + -3 - (2 - 16)) + -3?
8
What is the value of (-6 - -10) + -8 - (39 - 20)?
-23
What is (-3 - -14) + (-3 - (11 - 10))?
7
What is 20 + -22 + (12 - 3) - 0?
7
6 + (-3 - (0 - 6)) + 2 + -2
9
What is the value of 2 - -2 - (-25 + (-4 - -8) - -2)?
23
What is 16 - 1 - ((-19 - -11) + 8)?
15
What is the value of -21 + 16 + 15 + -8?
2
What is (-14 - 1) + (124 + -41 - 45)?
23
What is 11 - (-1 + 23) - -7?
-4
What is 6 + (-6 - -4 - -5) + 6 - 10?
5
What is (-77 - -128) + (0 - 30)?
21
Calculate -10 + 18 - (-4 - -13).
-1
14 - (-37 + 17 + 1)
33
Evaluate 0 - ((6 - (0 - -5)) + (5 - 6)).
0
What is 6 - (1 + 5 - -8 - 9)?
1
Evaluate 13 + (34 - 21) - (6 + 0).
20
What is the value of -14 + -40 + 56 + -23 + -1?
-22
Evaluate 13 + (-8 + -1 - (59 - 62)) + 5.
12
(8 + 0 + (28 - 18) - 0) + 2
20
Calculate -13 + (8 - (8 - (-3 + 5))).
-11
-6 - (2 + -14) - 37 - -12
-19
What is 1 + (3 - 5) + 8 - (10 + 1)?
-4
-2 + -13 - (11 + (-2 + 3 - 5))
-22
What is the value of (-14 - 3) + (-11 - -35) - -16?
23
What is the value of -43 - (5 - 43) - -29?
24
Evaluate (3 - 3) + (-9 - -15 - 3).
3
What is the value of -1 + (35 - 37 - (-1 - -1))?
-3
9 + (-2 - (-8 - -13 - -2))
0
What is -14 + (-4 + -10 + 10 - -4)?
-14
Calculate -38 - (-22 - (-3 - 1)).
-20
25 + (-1 - 15) - (-1 + 14)
-4
Calculate (-5 - 1) + -222 + 243.
15
What is the value of (0 - ((-1 - -5) + -5)) + (38 - 30)?
9
What is the value of 193 + -229 + (3 - -13)?
-20
-237 + 263 - (-1 + 0) - 6
21
-133 - -97 - (-28 + -6)
-2
What is -47 + 44 - (1 + (-19 - -1)) - 5?
9
Calculate (38 - 8 - 10) + -11.
9
Evaluate 1 - 2 - (13 + 0 + -9).
-5
2 + (-4 - -6) - (-78 - -42)
40
-9 - (-48 + (15 - 9) + 5 - 8)
36
What is the value of (17 - 2) + (17 - (4 - -26))?
2
-5 + 20 - (-3 + (7 - -2))
9
What is 7 + (21 + -8 - 12) - -13?
21
What is -2 - (-4 + 11 + -19 - 0) - -8?
18
What is -8 - (1 - 0) - (-16 + -46 + 55)?
-2
What is 33 - (45 + (11 - 31))?
8
Calculate (-105 - -103) + (-8 - (4 - -3)).
-17
What is (-1 - (7 + -8)) + -4 + 9?
5
Evaluate 5 + 3 - (-3 + 10 + -1) - 10.
-8
7 + (6 - (1 - (-2 + -8))) + -16
-14
Calculate 0 + -9 + (-39 - -49).
1
-37 + 36 - 29 - -19
-11
What is the value of -11 - (15 - (12 + 18))?
4
3 + -8 - -5 - (-4 + 14 - -1)
-11
What is the value of 0 + (8 - 4 - (-3 + 10)) + 0?
-3
What is (68 - 83) + (5 - 4) + 2?
-12
32 - ((-18 - (-23 - -11)) + 19)
19
Calculate 5 - (-17 - -3 - (32 + -17)).
34
20 + -9 + -16 + (0 - 0)
-5
Calculate 6 - (2 + 8 + -10).
6
What is -25 + (-13 - (18 + -66))?
10
9 - (0 + 3) - (-16 + -4 + 51)
-25
-7 + 37 + -20 + -30
-20
Evaluate 3 - ((6 - (-2 + 3)) + -10).
8
9 - ((6 - 5) + 8 + -6 - -2)
4
Evaluate 13 - (6 - 6 - 1 - (-6 - -4)).
12
Evaluate 188 + -222 - (2 + -26).
-10
Evaluate -20 - (8 + -20) - -3.
-5
What is 5 + (-13 - (1 - -8 - 1))?
-16
What is 3 + (5 + 1 + -12 - (-4 + 11))?
-10
-8 - (-8 - (-8 - -19))
11
What is the value of -1 + 5 - (1 - -14 - -8)?
-19
What is the value of 18 + 12 + -24 + 4 - 13?
-3
What is the value of 5 + (10 - ((3 - (-3 + 1)) + 2))?
8
What is -8 - (-13 - -15 - 27)?
17
-9 - (-36 + (-33 - -73))
-13
Evaluate -6 + 10 + 2 + -18.
-12
What is the value of -15 + 1 + 8 + 9?
3
What is (7 - 19) + (20 - 0) - (1 - 8)?
15
What is the value of -8 - (25 - (-13 + 28 + -10))?
-28
What is 327 + -339 + 3 + 12 + -1?
2
What is -13 - (1 + -4 + 6 - 7)?
-9
Evaluate -11 - (-6 + 15 - 11).
-9
What is the value of 13 + (-4 - -12) + -46?
-25
What is (-6 - (-8 + -6)) + -10 + -12?
-14
What is the value of -9 - 4 - (-12 + 37 - 49)?
11
What is the value of -5 - 1 - (19 + (-29 - -25))?
-21
What is (30 - 0) + 16 + -16 + -17 + 18?
31
-7 - (12 + -12 - 8)
1
15 + (5 - -2) + -9
13
What is the value of 6 + 5 + (-18 - 0)?
-7
Evaluate (-4 + 4 - 4) + (-76 - -97).
17
0 + (6 + -7 - (-4 + (-3 - -3)))
3
What is the value of -13 - (-39 + 10) - 24?
-8
(-15 + 6 - 13) + 13
-9
Calculate (-1 - -5) + (-22 - -7) + -2 + 3.
-10
26 + -28 + (62 - 32)
28
Calculate 0 + -5 - (11 + 23 + -27).
-12
What is the value of -282 + 281 - ((4 - 4) + 0 + 0)?
-1
(2 - 1 - -7) + (18 - -8) + -22
12
Evaluate (92 - 89) + 1 + (-20 - -4).
-12
What is the value of -3 + 4 + -6 + (14 - 1) - -4?
12
What is the value of -5 - (2 + -4 + -9 - (9 - 14))?
1
What is the value of (-2 - -1) + (13 - 21)?
-9
Evaluate 2 - 4 - (-5 + -14).
17
What is the value of (-9 - 0) + (-43 - -53)?
1
Evaluate (8 + -10 - -3) + -10 + 4 + 7.
2
What is -229 - -213 - (1 + -17) - -3?
3
Evaluate 9 + -15 + -4 + -3 + 20.
7
Calculate -24 - (29 + -14 + -64).
25
What is the value of -21 + 38 - (4 - 0) - -5?
18
What is 14 - (13 + -17 + 12)?
6
-1 + 10 - (0 + 4 + 10 + -7)
2
13 + -11 + 3 + -3 - (2 + -1)
1
Evaluate -1 - (6 - (-8 - -5)) - -3 - 11.
-18
Calculate (19 - (53 - (16 + -17))) + 13.
-22
1 - (7 - ((11 - 6) + -1))
-2
Evaluate 23 - (-14 + 15 + 6).
16
Calculate 10 + ((-7 - 0) + 17 - (13 - 0)).
7
Evaluate -6 + 2 - (-6 + -7).
9
What is (0 + -10 - -12) + 0 + -4 - -7?
5
What is the value of 0 - -13 - ((-9 - 1) + 8)?
15
Calculate 12 - (-10 + (-18 - -23)).
17
What is the value of -14 + (14 - (14 - 4)) - -24?
14
What is the value of -14 - -17 - (6 + -9)?
6
Calculate -2 + (5 - -8) + -9 + (-5 - 22).
-25
What is the value of (20 - 50) + 30 + -13?
-13
Calculate 21 + (-4 + -2 - (14 - 9)).
10
Calculate 14 + 11 + (-7 - 11).
7
What is the value of (-7 - -3 - -3 - -3) + -369 + 389?
22
Calculate (-2 - -3) + 3 - (-7 + -5 - -17).
-1
What is 39 - 2 - (-20 - (-76 - -51))?
32
-2 - -1 - (15 + -12 + -2 + -4)
2
What is 2 + -6 + -14 + 36?
18
Evaluate 1 + -4 + (1 - 7) + -7 + 7.
-9
-8 + -37 - -27 - -7
-11
Evaluate 1 + -5 - 0 - (64 + (-64 - -1)).
-5
Calculate (18 - (42 - 34)) + (1 + -2 - 2).
7
-626 - -627 - (-4 - (0 + 1 + 0))
6
Calculate -10 + -1 + (-17 - -28).
0
Calculate 19 + (2 - 8 - (12 + -12)).
13
-2 - (-17 - (-17 - -33)) - 4
27
Calculate (1 - -3 - 4) + 1 + 0.
1
Evaluate 19 - 25 - -41 - 23.
12
What is the value of 33 + (-4 - 18) - (-4 - 8)?
23
What is -6 + (19 - 1 - 1) - 14?
-3
Calculate (34 - 17 - -33) + -47.
3
Calculate -4 + 4 - (10 - (7 + 9 + 3)).
9
What is the value of -93 + 98 - (6 - 4 - (-2 + 1))?
2
1 + -9 + -1 + -3 + 6 + -2
-8
Calculate 19 + -8 - (-10 - -7).
14
Evaluate -10 - (-18 - -36 - 6).
-22
What is -1 - (12 - (-2 - -7) - 5) - -1?
-2
What is the value of -43 + 0 - (1808 - 1835)?
-16
What is the value of -7 + (18 - 1) + -11 + -19 + 19?
-1
What is (-6 - -5 - -7) + (1 - -5 - 8)?
4
Calculate 40 + -23 + -11 - (6 - 2) - 5.
-3
Calculate -5 + 4 + 39 + -45.
-7
What is -2 + (0 - -10) + (47 - 90)?
-35
What is the value of (1 - -1) + -278 + 288?
12
What is (-20 - -1) + (-7 - -11) + 41?
26
What is 22 + (-51 - -26) 